ded by 16?
12
Let f = -235 - -432. Suppose -278*a = -1079 - 4481. Calculate the remainder when f is divided by a.
17
What is the remainder when 5198 is divided by 4/(-1) - (-4)/(-2*8/(-96))?
18
Suppose 22113*x - 22207*x = -1222. Suppose -2*i = 81 - 237. Suppose i = u - 36. Calculate the remainder when u is divided by x.
10
Suppose -349 = -37*c + 32*c - 2*y, -4*y = c - 59. What is the remainder when 118 is divided by c?
47
Suppose -3*z = -6 + 18. Let i(u) = 6*u + 27. Let v be i(z). Calculate the remainder when 6 is divided by v/(-2 + (-55)/(-20)).
2
Suppose -x - 2*g - 197 = 0, 6*g - 8*g + 798 = -4*x. Let t = 380 + x. Calculate the remainder when t is divided by 27.
19
Let q(u) = -u**3 - 15*u**2 - 18*u + 28. Suppose 0 = -y + n - 12, -16 = 3*y - 2*y + n. What is the remainder when q(y) is divided by 29?
26
Let f = -2933 + 2987. Calculate the remainder when 273 is divided by f.
3
Suppose -4*q + 178 = 3*s, 71*q + 3*s + 123 = 74*q. What is the remainder when 542 is divided by q?
26
Suppose -204 = -3*r + 2*q, 3*r + 8*q - 3*q - 162 = 0. Calculate the remainder when 252 is divided by r.
60
Let c be (4 + -1)*15/9. Suppose c + 81 = o. Suppose 6*y + 3*x - o = y, y + 2*x = 13. Calculate the remainder when 93 is divided by y.
17
Suppose -5*d = -t - 1865, -4*d - 4*t = -1123 - 345. Let k(w) = -w**3 + 10*w**2 - 6*w - 10. What is the remainder when d is divided by k(9)?
15
Let w(q) = q**2 - 37*q - 149. Let v be w(0). Let c = v + 243. Calculate the remainder when c is divided by 27.
13
Let l = -81 - -88. Let h(j) = 6*j + 81. Let g(y) = -2*y - 20. Let t(c) = -15*g(c) - 4*h(c). Calculate the remainder when 33 is divided by t(l).
15
Let p = 6501 - 6436. What is the remainder when 668 is divided by p?
18
Let k = -1683 + 1717. Calculate the remainder when k is divided by 10.
4
Suppose 0 = 917*t - 932*t + 4245. Calculate the remainder when t is divided by 58.
51
Suppose -18*k + 7 = -19*k. Let b(m) = 2*m - 18. What is the remainder when -5 + k + 13 + 1*10 is divided by b(14)?
1
Suppose w - 2 = 29. Let a = 625 - 428. Suppose -5*x = -a - 98. What is the remainder when x is divided by w?
28
Suppose -51*k = -57*k + 14868. Suppose -25*c + 97 = -k. What is the remainder when c is divided by 60?
43
Let r = 29 - -2. Suppose -2 - 124 = 2*y. Let q = y - -122. What is the remainder when q is divided by r?
28
Suppose -14*f + 160 = -6*f. Let c be ((-144)/(-40))/(6/f). Calculate the remainder when 19 is divided by 4/c + 35/3.
7
Let o = 538 - 146. Let y = o + -283. What is the remainder when y is divided by 55?
54
Let t(m) = m**3 - 11*m**2 - 12*m - 21. Let f be t(13). Suppose 155*r = f*r - 414. What is the remainder when 274 is divided by r?
67
Let c(h) = -22*h - 65. Let f be c(-15). Let d = f - 170. Calculate the remainder when d is divided by 20.
15
Let p(y) = -297*y + 24. Let i be p(-2). Let h = -291 + i. What is the remainder when h is divided by 33?
30
Let m = -2121 - -2136. Suppose 898 + 127 = 5*a. Suppose -5*d = -0*d - a. What is the remainder when d is divided by m?
11
Suppose 15*f - 1035 = -4*f - 50*f. What is the remainder when 447 is divided by f?
12
What is the remainder when 19/((-4 + -4)/24)*(-4 + -6) is divided by 177?
39
What is the remainder when 153 is divided by 14*(-8)/48*(-1 + -20)?
6
Let i(m) = -35*m**2 + 26 + 22*m + 34*m**2 - 17*m. What is the remainder when 44 is divided by i(6)?
4
Let v be 1322/2 + 2 - (-60)/(-12). Let q = v + -648. What is the remainder when 16 is divided by q?
6
Let u(l) = 4*l - 56. Let d be u(-5). Calculate the remainder when (-4 + 3)/(-1 + d/(-78)) is divided by 10.
9
Suppose -3*f - 2*f - 520 = -5*s, -2*s + 214 = -f. Let t(g) = 16*g**2. What is the remainder when s is divided by t(1)?
14
Suppose -5*d + 1590 = -b + 4*b, -2*d - 6 = 0. Let v = -423 + b. Calculate the remainder when v is divided by 46.
20
Calculate the remainder when 1269189/351 + (-18)/(-234) is divided by 67.
65
Let z(w) = -263*w + 595. What is the remainder when 161 is divided by z(2)?
23
Suppose -d - 14 = -17. Suppose -5*h + 0*h = 2*g - 55, 0 = d*h - g - 33. What is the remainder when 339 is divided by h?
9
Suppose 10*l - 4 = 8*l + 4*z, 2*z = 2*l - 10. Calculate the remainder when 52 is divided by l.
4
Let x = 2349 + -1009. Suppose 24*w - 34*w = -x. What is the remainder when w is divided by 45?
44
Let j(i) = 2*i - 58. Let y be j(19). Calculate the remainder when 42 is divided by 21/(-5) + (-4)/y - -12.
2
Let f = -1620 + 1621. Calculate the remainder when 17 is divided by f.
0
Suppose -79*y + 89*y - 89 = 301. What is the remainder when y is divided by 4?
3
Let l = -792 - -831. Suppose -94 = -2*r + 136. What is the remainder when r is divided by l?
37
Let n be (-369)/(-54) - 1/(-6). Suppose 0 = -2*m + n*m - 5*p - 1185, -687 = -3*m - 3*p. Calculate the remainder when m is divided by 59.
56
Suppose -17*g = 31 - 116. Suppose -6*s + 389 = -g*a, -2 = -5*a + 23. What is the remainder when s is divided by 7?
6
Suppose 0 = -42*a + 35*a - 280. Let h = a - -57. What is the remainder when 38 is divided by h?
4
Let x(d) = 3987*d + 4. Suppose 4*p = 3*w + 18, 4*w + 2 = -2*p - 0. Let n be x(w). What is the remainder when n/(-150) + -1 + 39/45 is divided by 19?
15
Suppose 0 = 69*z - 23*z - 1334. What is the remainder when 212 is divided by z?
9
Let j = 55 - 53. Suppose 3*a = -a - 16, -j*a - 8 = -2*t. Suppose -3*h - o = -150, t*o + 205 = 4*h + 3*o. Calculate the remainder when h is divided by 27.
22
Let w = -6721 - -6876. What is the remainder when 735 is divided by w?
115
Let t be ((-4)/2)/(((-133)/(-28))/19). What is the remainder when 399 is divided by (-844)/(-42) + (t - (-1328)/168)?
19
Let c(s) = 3*s**3 + 2*s**2 + 2*s + 72. Let w be c(0). Suppose -5*g + w = m, 4*m - 239 = 5*g - 51. Calculate the remainder when 146 is divided by m.
42
Let i be (1 + (-4)/(-8))/((-6)/(-32)). What is the remainder when (315/10)/(-3)*i/(-12) is divided by 3?
1
Calculate the remainder when 282/9*735/98 is divided by 51.
31
Suppose -836 = -4*b - 3*y, 0 = -3*b + 2*y + 555 + 89. What is the remainder when 10174 is divided by b?
210
Let c = 474606 + -474494. Let x(s) = -s**3 + 4*s**2 + s - 3. Let h be x(4). Let v(z) = 24*z - 1. Calculate the remainder when c is divided by v(h).
20
What is the remainder when (-21)/(-18) + (-5859175)/(-1470) is divided by 13?
9
Let s(j) = 517*j - 212. What is the remainder when s(4) is divided by 14?
8
Let t(q) = 209*q - 193. Let u = 109 - 43. Calculate the remainder when u is divided by t(1).
2
Let a(t) = t**3 + 10*t**2 - 3*t + 24. Let m = 119 - 125. What is the remainder when a(m) is divided by 63?
60
Let o(d) = -d**3 - 4*d**2 + 13*d + 145. Calculate the remainder when o(-6) is divided by (-8)/(2 - (-5)/(-2)).
11
Let q = 2201 + -2131. Calculate the remainder when 210 is divided by q.
0
Let y = -2029 + 2064. Calculate the remainder when 557 is divided by y.
32
Suppose 16 = 4*k, 3*k = w - 338 - 108. Suppose -w = 4*y - 0*y - 2*f, y + 98 = -5*f. Let s = y - -153. Calculate the remainder when s is divided by 15.
10
Let l = 90 + -63. Suppose -208 + 1534 = 13*p. What is the remainder when p is divided by l?
21
Suppose -v - 304 = -29*m + 24*m, 0 = -5*v + 30. What is the remainder when 84 is divided by m?
22
Suppose -16*a + 500 = 9*a. Suppose -864 = 11*l - 27*l. What is the remainder when l is divided by a?
14
Calculate the remainder when (-17)/((-120)/108 + 1) is divided by 43.
24
Suppose 57 = 3*m + 4*z, -2*m - z = -5*z - 38. Suppose 0 = -19*s + m + 152. What is the remainder when 17 is divided by s?
8
Let u = -5 + 11. Suppose 9*a = 6*a + 24. Suppose a*t - u*t = 90. Calculate the remainder when t is divided by 12.
9
Let b = -483 + 524. Calculate the remainder when 176 is divided by b.
12
Suppose -3*q + 3*o = -135, -5*q + 2*o + 528 - 288 = 0. What is the remainder when 25597 is divided by q?
47
Let m = -716 + 711. What is the remainder when 414 is divided by (-127 + -8)/m - (1 - 2)?
22
Suppose -12 = 2*f - 4*f. Suppose -9*b + 5*b - 2*o + 730 = 0, 10*b - 5*o - 1855 = 0. What is the remainder when b is divided by f?
4
Let i = 15 - 3. Suppose 3*b + 4*n = 175 - 37, -259 = -5*b + 3*n. Let m = b - 45. Calculate the remainder when i is divided by m.
2
Let u = -135 - 13. Let l = 261 + u. Suppose 4*p - l = -3*o, 6*o - 32 = -p + 4*o. What is the remainder when p is divided by 9?
8
Let r be 0